?
1
What is the ten thousands digit of 4/(-10) - (-744560)/25 - 11?
2
Let t be 1/(((-70)/(-15) + -5)/(-1)). Suppose 6*s = 9*s - 4*m - 2083, -4*s + t*m = -2775. What is the hundreds digit of s?
6
Let i = 28 - 23. Suppose i*j + 2*v - 1046 = 0, -5*v = -5*j + j + 850. Suppose 0 = 9*s + s - j. What is the tens digit of s?
2
Let g(x) = 857*x + 2. Suppose 29 = 16*q + 13*q. What is the hundreds digit of g(q)?
8
Let u(j) = 3*j**2 + 103*j - 259. What is the units digit of u(-69)?
7
Let r(g) = -2*g**3 + 38*g**2 - 34*g + 15. Suppose -5*p = -24 - 56. What is the tens digit of r(p)?
0
Let b(o) = -7*o**2 - o + 12. Let a(n) = -n**3 + 29*n**2 + 4*n - 49. Let k(i) = 2*a(i) + 9*b(i). What is the tens digit of k(-7)?
5
Suppose -144*s = 469961 - 2337641. What is the ten thousands digit of s?
1
Suppose 5*q + 5672 = 4*l - 5895, l - 3*q = 2890. What is the thousands digit of l?
2
Suppose -11*o + 57903 + 158390 = 0. What is the ten thousands digit of o?
1
Suppose 2*d + 705 = f, 2*d + 25 = 7*d. Suppose p - 528 = -3*q, -10*q = -6*q + 5*p - f. What is the hundreds digit of q?
1
What is the thousands digit of 6233/(-7)*(-162 - -155)?
6
Suppose 2*m = -3*m - 180. Let f = 383 + m. Suppose -105 = 2*x - f. What is the hundreds digit of x?
1
Let s(j) = -3290*j - 2926. What is the units digit of s(-13)?
4
Suppose 6*x + u - 315 = x, -2*x + 2*u + 126 = 0. Suppose -5*s - 65 = a, 4*a + 4*s = -208 + 12. Let w = x + a. What is the tens digit of w?
1
Let r = -5188 + 13864. What is the units digit of r?
6
Let h(n) = 238*n + 5 - 153 - 90*n + 19. What is the tens digit of h(6)?
5
Let o = -10 + 7. Let m be (o/(-3))/(3/((-3)/(-1))). What is the units digit of m/(-6) - (-6867)/54?
7
Suppose 3*v = 5198 - 137. Suppose 23*d = -560 + v. What is the tens digit of d?
4
Let w be ((-105)/10)/((-4 - -3)/406). Suppose 6*i + w = 13*i. What is the hundreds digit of i?
6
Let u be 24/2 - (-105)/(-21). Suppose -2*n + t = -n + 3, -3*t = 5*n + u. What is the hundreds digit of 2 + 6/(-4)*46*n?
1
Let i be (2/3)/((-19)/(-684)). Let s(h) = 4*h + 1. Let j be s(-2). What is the units digit of i/(-56) - (297/j + 0)?
2
Suppose -7*v + 12 = -v. Suppose v*o = 3*o. What is the units digit of o/(-1) + -1 - -7?
6
Suppose -6*f - 5*f + 44 = 0. Suppose -5*m + 6435 = -f*u, -3*m - 6*u + 3861 = -u. What is the thousands digit of m?
1
Suppose 7*s = n + 11*s - 16, s - 13 = 2*n. What is the units digit of -12*1*1/n*34?
2
Let v(m) = 5*m - 34. Let i be v(8). Suppose 5*k + i = 231. What is the tens digit of k?
4
Suppose 5*d - 4*t = 163869, -2*d + 5*t + 53009 = -12508. What is the thousands digit of d?
2
Suppose 6264*a - 6214*a - 3420300 = 0. What is the hundreds digit of a?
4
Let s(v) = -1317*v - 2535. What is the tens digit of s(-6)?
6
Let n(b) = -22*b - 1. Let s be (-1430)/91 + 0 + (-2)/7. What is the units digit of n(s)?
1
Let y(h) = 3*h**2 + 57. What is the hundreds digit of y(13)?
5
Suppose -2*x + 2 = -4*c, -3*c + c + 5*x = 13. What is the hundreds digit of 47/((-12)/(-9) - c)?
1
Let s(i) = -i**2 - 29*i - 101. Let j be s(-23). Suppose 9954 = j*h - 16*h. What is the hundreds digit of h?
4
Let w(m) = -m + 11. Let x(s) = -s - 12. Let l be x(-18). Let a be w(l). Suppose -a*b = 23 - 593. What is the hundreds digit of b?
1
Let h be (3/1)/(-18) - 4610/(-12). Suppose -2*b + h = -6*b. What is the units digit of (-1 - -4 - 1)/((-3)/b)?
4
Suppose v = 3*v + 5*b + 4, v = 5*b + 13. Suppose w + 472 = v*w. What is the units digit of w?
6
What is the thousands digit of (-1*11 - (-370500)/114) + (-4 - 0)?
3
Let l(z) = 146*z**3 - z**2 + 2*z - 5. Let j be l(2). Suppose 2*q + 5*i - 1730 = -587, -j = -2*q - i. What is the units digit of q?
4
Suppose 48*i + 63167 = -0*i + 494399. What is the hundreds digit of i?
9
Let z = -74 + 62. Let t be (-8)/z - (-457)/3. Let m = t - 76. What is the units digit of m?
7
Let y = 34 - 27. Suppose y*q = 3*q + 12. Suppose -217 = -2*k - h, q*k + 3*h = 205 + 125. What is the hundreds digit of k?
1
Suppose -782 = -2*w + 4*r + 418, -2*w + 3*r = -1205. Suppose -18*j = -8*j - w. What is the tens digit of j?
6
Let h(r) = -276*r + 64. Let b be h(-8). Suppose -3*g - 1689 = -3*v, 5*v + g - b = v. What is the hundreds digit of v?
5
Let f = 132 - -2. What is the tens digit of (f/(-3) - 2)/((-2)/3)?
7
Let v(h) = -13*h - 19. Let r be v(7). What is the tens digit of (13 + 174/(-12))*r/3?
5
Let a be 14*(2 + (15/(-21) - 1)). Suppose -4*z - p = -295, a*z + 24*p - 26*p - 286 = 0. What is the tens digit of z?
7
Let w(o) = -o**2 + 5*o - 3. Let h be w(9). Let k be (3 - (10 - 5))/(6/h). Let c(s) = 4*s - 27. What is the units digit of c(k)?
5
Let s(d) = d**3 + 7*d**2 - 7*d + 3. Let y be s(-8). Let h be (y + -1 - -4)*(-28)/1. Suppose -15*f + h = -14*f. What is the tens digit of f?
5
Suppose -122 + 110 = -4*a. Suppose 0 = a*n, -3*n + 754 = 2*i - 6*n. What is the tens digit of i?
7
Let o be (-4)/6 - 140/(-30). Suppose 4*j - u - 231 = 1222, o*u = -2*j + 740. What is the hundreds digit of j?
3
Let y be (16/(-4) - -23)*(13 - 2). Suppose 206*f - y*f = 0. What is the tens digit of (f + 1)*(1 - -90)?
9
Suppose -98 = s - 8*s. Let f = s + -8. Suppose -79 - 53 = -f*y. What is the units digit of y?
2
Let g be (794/8)/((-30)/600). Let q = -981 - g. What is the tens digit of q?
0
Suppose 3*s + 3*j = -39, -2*j + 1 - 3 = -s. Let m(q) = -2*q**2 + q + 54. Let z(g) = g**2 - 55. Let r(i) = -2*m(i) - 3*z(i). What is the tens digit of r(s)?
3
Let g(b) = 16*b**2 - 58*b - 477. What is the hundreds digit of g(-22)?
5
Let m(c) = c**3 - 10*c**2 + 20*c - 28. Let a be m(8). Suppose -107 + 595 = a*v. What is the hundreds digit of v?
1
What is the units digit of (((-18018)/189)/((-12)/(-27)))/(6/(-184))?
8
Suppose -14*c = t - 331176, 4*c - 94614 = -3*t + 4*t. What is the thousands digit of c?
3
Let x(r) = 4*r**2 + r - 1. Let v be x(1). Let z = -347 + 582. Suppose 0 = -v*k + z + 85. What is the tens digit of k?
8
Suppose -y = 4*q - 39141, 12*q + 18*y = 19*y + 117451. What is the thousands digit of q?
9
Let q(o) be the second derivative of 3*o**5/20 - 11*o**4/6 + o**3 - 6*o**2 - 22*o. Let a be q(8). Suppose -5*s + a + 326 = 0. What is the tens digit of s?
9
Let y = 55721 + -22101. What is the tens digit of y?
2
Let p(s) = 61*s**3 + 17 + 73*s**3 + 2*s**2 - 27*s - 135*s**3. What is the hundreds digit of p(-7)?
6
Let p = -32 + 156. Let j = p - 14. What is the units digit of j?
0
Let b = 18 - 15. Suppose -1720 = -b*y - 5*y. Suppose 0 = r - 6*r + y. What is the units digit of r?
3
Suppose 32 = 19*h - 25. Suppose 2 = h*y + 4*q - 307, 217 = 2*y - q. What is the hundreds digit of y?
1
Let j(y) be the second derivative of 8/3*y**3 + 19*y + 0 + 15/2*y**2. What is the hundreds digit of j(8)?
1
What is the thousands digit of 346608/(-32)*(4 + (-38)/9)*6?
4
Let g(c) = -226*c - 1208. What is the hundreds digit of g(-55)?
2
Suppose -2*n = 3*b - 31 - 13, -56 = -4*b - 4*n. Suppose -2699 = -b*z - 11595. What is the units digit of (6/(-12))/(2/z)?
9
Suppose -40 = -5*g, -2*g = -2*y + 37481 + 46979. What is the thousands digit of y?
2
Let b = 1708 + 559. Suppose -4*i + b = 507. What is the tens digit of i?
4
Let o = 7290 - 5295. What is the units digit of o?
5
Let a(l) = -l**2 + 3*l + 58. Suppose 64 = -0*j - 2*j. Let g = j + 32. What is the units digit of a(g)?
8
Suppose 94*n = -136487 + 536081. What is the units digit of n?
1
Let f(t) = -442*t**2 + 4*t + 4. Let i be f(-1). What is the hundreds digit of (-5 + i/1)*(-6)/9?
2
Let r be (-164)/(-6)*(-32 + 53). Let o(x) = x**3 + 6*x**2 - x + 4. Let g be o(-6). Suppose g*d = 3*d + r. What is the tens digit of d?
8
Suppose -14*p + 229725 = -72605. What is the hundreds digit of p?
5
Let x = -91 + 104. Let z(b) = b - 5*b + 37 + 10*b + x*b. What is the tens digit of z(5)?
3
Suppose 0 = -3*s + n + 15, -5*s + 43 - 38 = 5*n. Suppose -4*c = -s*l + 2472, -5*c - 1657 + 4787 = 5*l. What is the units digit of l?
2
Let f be (4 + 6)/(-5) + 5*3. Suppose -11*w - 31 - f = 0. Let c = 41 - w. What is the tens digit of c?
4
Let j(v) = v**3 - 20*v**2 + 19*v - 2. Let x be j(19). Let l be 8 + 26 - (1 - x). Suppose -l*u + 34*u = 504. What is the tens digit of u?
6
Let s(t) be the third derivative of 99*t**4/8 - 61*t**3/6 - 5*t**2 - 3. What is the units digit of s(3)?
0
Suppose 1243558 - 148627 + 312269 = 16*y. What is the tens digit of y?
5
Let q = 23 - 17. Let r(j) = -j